ose -d - 3*d + 124 = 0. What is the tens digit of d?
3
Suppose 41 = 3*z - 100. What is the tens digit of z?
4
Let f(t) = -t**3 + 2*t**2 + 1. Let h be f(3). Let i(o) = o**2 + 8*o - 9. Let j be i(h). Let x = j + 17. What is the units digit of x?
8
Let v be (-4 - 0) + 2 - -10. Suppose -5*t + v = -3*t. What is the units digit of t?
4
Let f be 8/44 + (-108)/(-11). What is the units digit of 2/(-6)*(-270)/f?
9
Let y(s) = -s**3 - 2*s**2 + 6*s + 1. What is the units digit of y(-4)?
9
What is the units digit of 2795/52 + (-2)/(-8)?
4
Let r(d) = -2*d**3 + d**2 + 3*d + 3. Let b(j) = 1 + 3*j**3 + j**3 + j**2 - 3*j**3. Let i(n) = -3*b(n) - r(n). What is the units digit of i(-4)?
6
Let z = 4 + -5. What is the tens digit of 2/1 + 8 - z?
1
Let f(j) = j**3 + 7*j**2 + 4*j - 4. What is the units digit of f(-6)?
8
Let a = 67 - 29. What is the units digit of a?
8
Let b(l) be the first derivative of l**5/20 + l**4/2 + 7*l**2/2 - l - 1. Let u(a) be the first derivative of b(a). What is the units digit of u(-6)?
7
Let m(g) = g**2 - 7*g + 9. Let j be m(6). What is the tens digit of 0 + j + 72/4?
2
Let x(j) be the second derivative of j**5/20 + 5*j**4/6 - 2*j**3/3 + j**2/2 + 2*j. What is the units digit of x(-10)?
1
Let w be (-6)/2 + 5 + -1. Let b be w/(1/(-5)) + -3. What is the tens digit of (-166)/b + (-2)/(-8)?
2
Suppose -4*i = -12, -3*y - 3*i + 51 = 15. What is the units digit of y?
9
Suppose 0 = 10*c - 65 - 85. What is the units digit of c?
5
Suppose 0*z = 2*u - 4*z - 2, -3 = -3*z. Suppose 7 = 5*k - u. What is the units digit of k?
2
Let p(h) = -h + 7. Let n be p(4). Suppose -10 = -n*b - 1. Suppose 2*z - 21 = -b*l, -3*z + 21 = 5*l - 13. What is the units digit of z?
3
Suppose -h - 2*o + 225 = -3*o, 210 = h + 4*o. What is the units digit of h?
2
Let l = 1 - -7. Let u = l - 1. What is the units digit of u?
7
Suppose -4*t - 7 = -5*g, -g - 7 = -5*t - 0*g. Let f(k) = 4 - k**2 + 1 + 2 + 2*k**t. What is the units digit of f(0)?
7
Let d(b) = -b**3 + 14*b**2 + 14*b + 34. What is the units digit of d(15)?
9
Let f = 14 + -10. What is the units digit of f?
4
Suppose 4 = 2*g + 6. Let w(i) be the first derivative of -i**2 + i - 1. What is the units digit of w(g)?
3
Suppose 4*n - 12 = -0*n + 2*s, -24 = -4*n + 5*s. Let w = n + 4. Suppose 0 = w*r - 5*z - 45, -4*r + 5*z - 11 = -48. What is the units digit of r?
8
Let f(s) be the third derivative of -13*s**4/24 + 4*s**2. Let g = -1 + 0. What is the tens digit of f(g)?
1
Suppose -2*a = -0*a. Let f be a + (-1 + 11)*1. Let z = f + 4. What is the tens digit of z?
1
Let y be ((-9)/(-3))/(-1) + 4. Suppose 0 = -3*g, 3*i - g - 7 = -y. What is the units digit of i?
2
Let p(d) = 15*d**2 - 4*d + 3. What is the units digit of p(2)?
5
Let t(k) be the third derivative of -k**6/30 - k**5/30 + k**4/12 + k**3/3 - k**2. What is the units digit of t(-2)?
2
Suppose -5*t - c + 126 = 0, -2*c = 3*t + 2*c - 79. What is the units digit of t?
5
Let z = -16 - -42. What is the tens digit of z?
2
Suppose -4 + 14 = 5*d. Suppose -d*g + 24 = 2*g. What is the units digit of g?
6
Let q(h) = 3*h + 2. Let l be q(-4). Let v = 35 + l. What is the tens digit of v?
2
Let c = -594 + 883. What is the hundreds digit of c?
2
Let y = 699 + -329. What is the hundreds digit of y?
3
Let c(g) = 5*g - 4. Let r(m) = m**2 - m - 1. Let b(q) = -c(q) + r(q). Suppose 3*a + 5 = 23. What is the units digit of b(a)?
3
Suppose -5*x = j - 98, 4*j + 2*x = 7*x + 467. What is the units digit of j?
3
Let f = 22 + -15. Suppose -w = -17 - f. What is the tens digit of w?
2
What is the units digit of -4*(-3)/(-3 + 9)?
2
Let c(g) = 2*g**3 - 1. Suppose -2*h + 7*h = 5. Let w be c(h). Let y = w - -1. What is the units digit of y?
2
Let y(j) = -j**2 - 8*j + 2. Let c be y(-6). Let v be 24/14 - (-4)/c. Suppose -l + p + 8 = -v*p, -4*l + 4*p = -32. What is the units digit of l?
8
Let h = 11 - 3. What is the units digit of h?
8
Let o be -2 - ((1 - 0) + -5). Let x = o + -2. What is the units digit of (3 + x)/((-6)/(-8))?
4
Suppose -5*u + 32 = -4*p, -16 = -2*u + 2*p - 2. Let l be (-1 - -3)*(0 + 2). Let b = l + u. What is the units digit of b?
8
Suppose 11*o = 6*o + 150. What is the units digit of o?
0
Let r(l) = l**3 + 7*l**2 + 3*l - 8. Suppose -2*q - 5 - 19 = -4*v, 0 = -q - 5*v + 9. Let n be r(q). Suppose 0*k - n = -2*k. What is the units digit of k?
5
Let d(r) = -r + 2. Let w be d(-3). Let b = w - 5. Suppose -t + 3 = -b*t. What is the units digit of t?
3
Let y = 5 + -4. What is the units digit of y?
1
Let s(t) = 3*t - 6. What is the units digit of s(9)?
1
Let a(j) = -j**3 + 2*j**2 - 2. Let z be a(2). Let t = 1 + z. Let g = t - -3. What is the units digit of g?
2
Let s(h) = -3*h + 5. Suppose -4*q + 8 - 28 = 0. Let m be 5/(75/12)*q. What is the units digit of s(m)?
7
Let v(k) = k**3 + k - 1. Let u(o) = o**3 - 11*o**2 + 2*o + 6. Let c(f) = u(f) - 2*v(f). What is the units digit of c(-11)?
8
Suppose 4*j = 3*x - 9, 4*j = -0*x - 4*x + 12. Suppose 5*f - 41 = z, -5*f - 5 = z - 44. Suppose x = -w + f. What is the units digit of w?
5
Let s = 17 + -12. Suppose -16 = -4*h + 4, a = s*h + 14. Suppose a + 16 = 5*p. What is the units digit of p?
1
Let u = 30 + -18. What is the tens digit of u?
1
Let m(t) = -2*t**2 + 7*t + 5. Let i(k) = -3*k**2 + 6*k + 4. Let o(p) = 6*i(p) - 5*m(p). Let u be o(1). Let z(c) = -2*c - 11. What is the units digit of z(u)?
5
Let w(t) be the second derivative of -t**3/6 - 3*t. What is the units digit of w(-4)?
4
Let u be ((-1)/(-3))/(2/(-12)). What is the units digit of (3 + u)/((-4)/(-228))?
7
Suppose -5*h - q = -25, 2*h = q + 5 - 2. Let s be 1/(h/6)*2. Suppose u = 6 + s. What is the units digit of u?
9
Let z(f) = -f**3 - 4*f**2 + 8*f - 5. Let o be z(-6). Suppose -4 = -q + o. What is the units digit of q?
3
Let b be (2/2)/(5/30). Let f be (2/(-3))/(b/27). What is the tens digit of 3 - (f - (2 + 4))?
1
Let s(q) = q**2 - 2*q - 8. Let x be s(-8). Let f = -50 + x. What is the tens digit of f?
2
Let m(d) be the third derivative of -d**4/8 - d**3 - 8*d**2. What is the units digit of m(-8)?
8
Suppose 0 = 2*g + 2 + 2. Let s be (g - -3)*(3 + -6). Let a(n) = -5*n + 3. What is the units digit of a(s)?
8
Suppose 3*o + h = 4*o - 55, 0 = -2*o + 3*h + 109. Suppose 4*c = o - 8. Suppose 0*g + 2*g - c = 0. What is the units digit of g?
6
Let y(r) = -4 + 2*r**2 - 3*r**2 - 3*r - 2*r. Let q be y(-3). Suppose 3*t - p - 12 = -t, q*p + 10 = t. What is the units digit of t?
2
Suppose 5*f + 31 = 3*r - 149, -2*r - 4*f + 120 = 0. What is the tens digit of r?
6
Let t(y) = -y + 7. What is the units digit of t(-14)?
1
Let u(x) = -32*x + 15. What is the units digit of u(-8)?
1
What is the units digit of (1 - (-6)/(-3))*-12?
2
Let v(b) = -2*b - 2. Let k = -3 + 0. What is the units digit of v(k)?
4
Let v(c) = -c + 1. Let j(b) = -1 + 3*b + 1 + 0. Let h(g) = -j(g) - 4*v(g). What is the units digit of h(11)?
7
Suppose -14*d = -1933 - 2967. What is the tens digit of d?
5
Let g = 5 - -9. Let u = -6 + g. What is the units digit of u?
8
Let p = 6 - 9. What is the units digit of (-7)/(-2)*(1 - p)?
4
Let p = 9 - 4. What is the units digit of (6/10)/(p/75)?
9
Let k be (-6)/(-10) - 1080/50. Let q = k + 48. What is the units digit of q?
7
Suppose 2*i - 52 - 8 = 0. Suppose i = 3*u - 3. Suppose -5*l - u = -31. What is the units digit of l?
4
Let f be 9/3 - (-12)/2. What is the units digit of (f/15)/(4/20)?
3
Let s(d) be the second derivative of d**5/60 - d**3/2 - 2*d. Let b(o) be the second derivative of s(o). What is the tens digit of b(7)?
1
Suppose 0 = 3*z + z - 388. Suppose 2*u = -3*x + 9 + 34, 0 = -5*u + 3*x + z. Suppose -6*k + k - 5*r + 25 = 0, -u = -4*k + 2*r. What is the units digit of k?
5
Let c = 236 + -141. What is the units digit of c?
5
Suppose -11*z + 9*z = -194. What is the tens digit of z?
9
Let u(c) = -c**2 - 34*c + 8. What is the hundreds digit of u(-17)?
2
Let i(t) = t**2 - 5*t - 10. Suppose 0 = 2*s + 1 - 15. Let k be i(s). Let r = k + -1. What is the units digit of r?
3
Suppose 2*q - 7 = 3*q - 5*r, 3*q + 5*r = 79. Suppose -q*b + 23*b = 145. What is the units digit of b?
9
What is the units digit of 711/(-6)*(-1 + (-1)/(-3))?
9
Suppose 39 = w - 2*o, 2 + 79 = 2*w - o. What is the tens digit of w?
4
Suppose s + 186 = 4*s. What is the units digit of s?
2
Suppose -8 = 3*n - 20. Suppose 0 = -n*g - 0*g. Suppose -2*w + 3 + 3 = g